hat are the prime factors of u(2)?
2, 3, 11
Let l = 14 + 164. Let y = 501 - l. List the prime factors of y.
17, 19
Suppose -32 = -18*z + 10*z. Suppose -9*w + 229 = h - 4*w, -z*h = 2*w - 952. What are the prime factors of h?
239
Suppose 2*b + 3 = 4*c - 3, 3*c = 2*b + 3. Suppose -b*y + 5*n + 6 = 1, -3*y + 11 = -2*n. Suppose y*g = -32 + 362. List the prime factors of g.
2, 3, 11
Let b(y) = -27*y + 92. Let t be b(-22). Suppose 316 + t = 6*o. List the prime factors of o.
167
Suppose 3*k + j = -2*j + 21081, -k + 7024 = -2*j. What are the prime factors of k?
2, 3, 1171
Suppose 9*u = 35548 + 40547. List the prime factors of u.
5, 19, 89
Suppose 0 = 24*w - 1063 + 103. Let s be 488/(-20) + 2/5. Let o = s + w. What are the prime factors of o?
2
Let h(u) = -u**2 + 5*u + 1790. Let w be h(0). What are the prime factors of (2 - 1)/(w/596 - 3)?
2, 149
Let s be ((-5 - -4)/(-2))/(2/16). Suppose 0 = s*d - 719 + 235. What are the prime factors of d?
11
Let o = -1594 + 5794. What are the prime factors of o?
2, 3, 5, 7
What are the prime factors of 268/(-2278) - (-276065)/17?
3, 5413
Suppose 8270 = 7*d - 2174. Suppose 3*n - 912 - d = -2*w, 2*n + w = 1601. What are the prime factors of n?
2, 3, 7, 19
Suppose -8*o = 7*o + 19*o - 1308898. What are the prime factors of o?
137, 281
Let k(n) = -n**2 + 17*n - 64. Let r = 896 + -886. What are the prime factors of k(r)?
2, 3
Let d = -1446 + 898. List the prime factors of d/(-8)*-2*-2.
2, 137
Let y be 57/19 + (-2 - -3)/(-1). Let b be (-3)/(y/2408*-6). Suppose -n = 2*u - b, 5*n = -2*u + 530 + 72. List the prime factors of u.
7, 43
Suppose -6 = -6*v + 4*v + 3*a, -3 = -v - 5*a. What are the prime factors of (75*-4)/(-5) + v + -1?
2, 31
Let p(r) = 52*r**3 + 17*r**2 + 13*r + 10. What are the prime factors of p(6)?
2, 19, 157
Suppose 123*w = 122*w - 133. Let p = -163 - -97. Let q = p - w. List the prime factors of q.
67
What are the prime factors of (-4)/3 + 281960/24?
17, 691
Let y = 26 - 44. Suppose 0*z = -5*z - n - 21, 16 = -3*z - 4*n. List the prime factors of 9/y + (-358)/z.
89
Suppose -6612*k + 6591*k = -74529. List the prime factors of k.
3, 7, 13
List the prime factors of 150010/49 + (-3)/7 + 1.
2, 1531
Suppose -4*s - 159*q + 45834 = -162*q, -4*q + 8 = 0. List the prime factors of s.
2, 3, 5, 191
Let d(u) = -2*u**3 - 2*u**2 + 2751. Let z be d(0). Let x = z - 1772. List the prime factors of x.
11, 89
Let w(x) be the first derivative of x**6/40 + x**5/24 + x**4/4 - 16*x**3/3 - 14. Let n(f) be the third derivative of w(f). What are the prime factors of n(-4)?
2, 5, 13
Let n = -59 - -61. Let j(x) = 4*x**3 + 6*x**2 - 4*x + 3. Let s be j(n). Suppose -59 = -5*h + s. List the prime factors of h.
2, 11
Let l be -7 + 11 + (0 - -5). Suppose -l*w + 117 = -423. What are the prime factors of w?
2, 3, 5
Let b be (-1424)/(-32) - 2/(-4). List the prime factors of (60/b)/(1/30).
2, 5
Suppose -4*p - 3237 = -q, -q = -3*q + 10. Let c = 1379 + p. Suppose -4*b + c + 26 = 3*a, -5*b = 5*a - 740. List the prime factors of b.
3, 17
List the prime factors of ((-1)/(3/(-10340)))/((-58)/(-87)).
2, 5, 11, 47
Suppose v - 516*x + 514*x = 7531, 3*v - 22595 = 4*x. What are the prime factors of v?
3, 31
Let o(n) = -560*n**3 + 13*n**2 + 31*n + 111. List the prime factors of o(-5).
3, 19, 137
Let v be 6 + 2 + -4 - (2 - 8). Suppose v*u - 4*u - 12 = 0. What are the prime factors of u/(-6) + (-2870)/(-15)?
191
Let u(f) = -555*f - 319. List the prime factors of u(-16).
7, 1223
Suppose 13068 = 7*o + 2792. Suppose -5*t + o = -t - 2*u, 3*t - 3*u - 1104 = 0. What are the prime factors of t?
2, 3, 61
Let h(m) = -35*m**2 - 2*m - 2. Suppose 21*w - 19*w = -2. Let o be h(w). List the prime factors of 3/(-7) + (-1695)/o.
2, 3
What are the prime factors of (1 - (-2)/(-8))/(26 + 21229595/(-816524))?
3, 7039
Suppose 5*p + 323 = 4*f, -2*p + 2*f = -3*p - 59. Let i = -60 - p. Suppose 0 = v - 4*o - 71 - 164, -i*v + 757 = o. What are the prime factors of v?
251
Let h be (-430748)/(-28) - 1/(-7). List the prime factors of -1 - (-15)/10 - h/(-16).
2, 13, 37
Suppose 0 = 29*f - 31653 - 75560. What are the prime factors of f?
3697
Suppose -c + 56 = 3*a, 100 = 2*c - 15*a + 18*a. What are the prime factors of c?
2, 11
Let r = -30 - -35. Suppose r*g = -g + 612. Let s = g + 9. List the prime factors of s.
3, 37
Let h be (2 + 0)*8/32*14. What are the prime factors of h/(-28) + (18532/16 - -4)?
2, 7, 83
Let f(d) = 2*d**2 + 4*d - 1. Let h = 26 - 32. Let w = -1 - h. What are the prime factors of f(w)?
3, 23
Suppose 22*c - 52 = -4*c. Let z(u) = 96*u**3 - 4*u**2 + 7*u. What are the prime factors of z(c)?
2, 383
Let b(g) = 75*g - 30. Let k be b(4). Let f = -422 - -233. Let y = k + f. List the prime factors of y.
3
Let t = -23589 + 60194. What are the prime factors of t?
5, 7321
Let h(a) = -9*a**3 - 3*a**3 + 1 - 8*a**2 + 11*a**3 + 6*a. Let t be h(-9). Suppose -5*u + t = -152. List the prime factors of u.
2, 3
Let q(f) = -f - 7. Let d be q(-4). Let v = 197 + -193. List the prime factors of (d + 12 + v)/1.
13
Let d(t) = -3*t**3 - t**2 + 8*t + 18. Let n be 6 - (15/5 + 6). What are the prime factors of d(n)?
2, 3, 11
Let o(p) = 426*p**3 - 3*p**2 - 3*p + 4. Let a(c) = 854*c**3 - 7*c**2 - 7*c + 9. Let k(l) = -3*a(l) + 7*o(l). List the prime factors of k(1).
421
Let w = -17561 - -61815. List the prime factors of w.
2, 7, 29, 109
Let j(g) = g**3 + 57*g**2 - 122*g - 1064. What are the prime factors of j(-41)?
2, 3, 571
Suppose -18*j + 15*j + 5*d = -871, 5*j + 5*d - 1385 = 0. Suppose 2*i - j = 4*r, 3*i + 2*r - 7*r = 428. List the prime factors of i.
151
Let c be (-12)/(-8)*(-30)/(-9). Suppose -6*x = c*s - x - 110, 0 = x - 5. Suppose -6*p + 7 = -s. What are the prime factors of p?
2
Suppose 2*b = 51546 - 12586. What are the prime factors of b?
2, 5, 487
Suppose 32*h - 23*h - 1233 = 0. Suppose 0 = 3*c - 46 + 331. Let t = h + c. List the prime factors of t.
2, 3, 7
Let p be ((-3)/5)/((-7830)/(-7825) + -1). List the prime factors of p/(-3)*(-5)/((-35)/14).
2, 313
Let j = 159 - 335. Let a = 392 + j. What are the prime factors of a?
2, 3
Let r(o) = -10*o - 1. Let v(x) = x + 1. Let p(f) = -108*f - 18. Let j(m) = -p(m) - 9*v(m). Let w(s) = -2*j(s) - 21*r(s). What are the prime factors of w(6)?
3, 5
Suppose 3*a - 2*a = 3. Let r be 19 - 20 - (-1 + -2). Suppose -a*x + g + 174 = x, -128 = -3*x + r*g. What are the prime factors of x?
2, 11
Let r(v) = -3*v**2 - 580*v + 49. What are the prime factors of r(-75)?
2, 13337
Suppose -78*p + 612 = -81*p. Let g be (-8202)/24 + (-3)/12. Let o = p - g. List the prime factors of o.
2, 3, 23
Suppose 5*n - 3*p = -9, 4*p - p + 3 = n. List the prime factors of 9 + n - -81 - -3.
2, 3, 5
Let x(g) = 3*g**2 - 3*g + 12. Let y be x(3). Let k be (-10)/y - (-160)/3. Suppose 268 = 3*l - k. List the prime factors of l.
107
Suppose 31520 = 4*f - 2*u + 11322, -5*f + 25250 = -3*u. List the prime factors of f.
7, 103
Suppose 5*s - 3*j - 12108 = s, 15135 = 5*s - 2*j. What are the prime factors of s?
3, 1009
List the prime factors of 32330/159*(46 - -2).
2, 5, 61
Let t = 110 - 77. Let p be 164/3 + (-22)/t. Let s = p - 11. What are the prime factors of s?
43
Suppose 0 = 10*n + 11 - 61. Suppose 5*a + 2*h = 2646, -7 + 22 = n*h. Suppose -a = -7*i - 122. What are the prime factors of i?
2, 29
Let z(h) = -h**2 - 12*h + 3. Let s be z(-12). Suppose -468 = -s*l + l. What are the prime factors of l?
2, 3, 13
Suppose -6*k + 4 = -4*k. Let i(c) be the third derivative of 21*c**4/8 - c**3 - 329*c**2. What are the prime factors of i(k)?
2, 3, 5
Suppose 0 = -c + 14 - 5. Suppose c*t + 895 = 3*g + 4*t, 0 = 5*g + 5*t - 1505. What are the prime factors of g?
2, 3, 5
Let h = 10277 + -5311. Let g = h + -7580. List the prime factors of 8/44 - g/22.
7, 17
Let c(y) = -y**2 + 3*y + 18. Let u be c(6). Suppose u = 2*v - 4*x - 494, -4*v + 2*v = 4*x - 510. List the prime factors of v.
251
Suppose -9*p + 2 = -43. Suppose q - 2*m = 4*q - 926, -2*q - p*m = -599. What are the prime factors of q?
2, 3, 13
Let a = 666 + -201. Suppose a = 4*i - 231. What are the prime factors of i?
2, 3, 29
Let k(x) = -x**3 - 14*x**2 + 4. Let d be k(-14). Suppose -b = -6 + d. Suppose -5*l + 2*z + b = 0, -z - 3*z = 4*l - 24. List the prime factors of l.
2
Suppose 3*o = 2*k - 45, 0 = -k - 2*o + 5 + 7. Let c be ((-158)/6)/((-2)/k + 0). Suppose -3*n = -2